{"id":608,"date":"2024-03-29T08:05:39","date_gmt":"2024-03-29T07:05:39","guid":{"rendered":"https:\/\/latelierdemalauzat.fr\/?page_id=608"},"modified":"2024-08-09T08:27:10","modified_gmt":"2024-08-09T06:27:10","slug":"cafe-repare-des-quartiers-nord","status":"publish","type":"page","link":"https:\/\/latelierdemalauzat.fr\/index.php\/cafe-repare-des-quartiers-nord\/","title":{"rendered":"Caf\u00e9-r\u00e9pare Des quartiers Nord"},"content":{"rendered":"\n<p>\ud83d\udd27 <strong>Caf\u00e9 R\u00e9pare Gratuit &#8211; Apportez vos Objets \u00e0 R\u00e9parer !<\/strong> \ud83d\udd27<\/p>\n\n\n<div class=\"wp-block-image\">\n<figure class=\"aligncenter size-full\"><img loading=\"lazy\" decoding=\"async\" width=\"531\" height=\"748\" src=\"https:\/\/latelierdemalauzat.fr\/wp-content\/uploads\/2024\/08\/caferpart.jpg\" alt=\"\" class=\"wp-image-804\" srcset=\"https:\/\/latelierdemalauzat.fr\/wp-content\/uploads\/2024\/08\/caferpart.jpg 531w, https:\/\/latelierdemalauzat.fr\/wp-content\/uploads\/2024\/08\/caferpart-213x300.jpg 213w\" sizes=\"auto, (max-width: 531px) 100vw, 531px\" \/><\/figure>\n<\/div>\n\n\n<p>Vous avez des objets cass\u00e9s qui tra\u00eenent chez vous ? Ne les jetez pas ! Rejoignez-nous pour notre prochain Caf\u00e9 R\u00e9pare <strong><mark style=\"background-color:rgba(0, 0, 0, 0)\" class=\"has-inline-color has-vivid-red-color\">Gratuit<\/mark><\/strong> et donnez-leur une seconde vie.<\/p>\n\n\n\n<p>Lors de cet \u00e9v\u00e9nement convivial, notre \u00e9quipe d&rsquo;experts b\u00e9n\u00e9voles sera l\u00e0 pour vous aider \u00e0 r\u00e9parer une vari\u00e9t\u00e9 d&rsquo;objets : \u00e9lectrom\u00e9nagers, appareils \u00e9lectroniques, v\u00eatements, jouets et bien plus encore. Que ce soit une couture \u00e0 refaire, un appareil \u00e9lectrique en panne ou un v\u00e9lo qui a besoin d&rsquo;un coup de main, nous sommes l\u00e0 pour vous aider !<\/p>\n\n\n\n<p>En plus de la r\u00e9paration, profitez d&rsquo;un moment agr\u00e9able autour d&rsquo;une tasse de caf\u00e9 ou de th\u00e9 offerte, et \u00e9changez avec d&rsquo;autres participants passionn\u00e9s de bricolage et de durabilit\u00e9.<\/p>\n\n\n\n<p>C&rsquo;est l&rsquo;occasion parfaite pour apprendre de nouvelles comp\u00e9tences, r\u00e9duire les d\u00e9chets et contribuer \u00e0 la pr\u00e9servation de l&rsquo;environnement, le tout dans une ambiance conviviale et chaleureuse.<\/p>\n\n\n\n<p>Inscrivez-vous d\u00e8s maintenant et apportez vos objets \u00e0 r\u00e9parer. Ensemble, faisons un pas de plus vers un mode de vie plus durable !<\/p>\n\n\n\n<p>Ces ateliers sont organis\u00e9s en collaboration avec <a href=\"https:\/\/www.compagnonsbatisseurs.eu\/auvergne\">Les compagnons b\u00e2tisseurs<\/a>, <a href=\"https:\/\/www.facebook.com\/unGuidonDansLaTete\/?locale=fr_FR\" title=\"\">un guidon dans la t\u00e8te<\/a> et la <a href=\"https:\/\/clermont-ferrand.fr\/\" title=\"\">ville de Clermont-Ferrand<\/a><\/p>\n\n\n\n<p>Pour plus d&rsquo;informations et pour vous inscrire, <a href=\"https:\/\/latelierdemalauzat.fr\/index.php\/contact\/\" title=\"\">contactez-nous<\/a> ou appelez-nous au 06 27 92 43 42<\/p>\n","protected":false},"excerpt":{"rendered":"<p>\ud83d\udd27 Caf\u00e9 R\u00e9pare Gratuit &#8211; Apportez vos Objets \u00e0 R\u00e9parer ! \ud83d\udd27 Vous avez des objets cass\u00e9s qui tra\u00eenent chez vous ? Ne les jetez pas ! Rejoignez-nous pour notre\u2026 <span class=\"read-more\"><a href=\"https:\/\/latelierdemalauzat.fr\/index.php\/cafe-repare-des-quartiers-nord\/\">Read More &raquo;<\/a><\/span><\/p>\n","protected":false},"author":2,"featured_media":0,"parent":0,"menu_order":0,"comment_status":"closed","ping_status":"closed","template":"","meta":{"_monsterinsights_skip_tracking":false,"_monsterinsights_sitenote_active":false,"_monsterinsights_sitenote_note":"","_monsterinsights_sitenote_category":0,"_EventAllDay":false,"_EventTimezone":"","_EventStartDate":"","_EventEndDate":"","_EventStartDateUTC":"","_EventEndDateUTC":"","_EventShowMap":false,"_EventShowMapLink":false,"_EventURL":"","_EventCost":"","_EventCostDescription":"","_EventCurrencySymbol":"","_EventCurrencyCode":"","_EventCurrencyPosition":"","_EventDateTimeSeparator":"","_EventTimeRangeSeparator":"","_EventOrganizerID":[],"_EventVenueID":[],"_OrganizerEmail":"","_OrganizerPhone":"","_OrganizerWebsite":"","_VenueAddress":"","_VenueCity":"","_VenueCountry":"","_VenueProvince":"","_VenueState":"","_VenueZip":"","_VenuePhone":"","_VenueURL":"","_VenueStateProvince":"","_VenueLat":"","_VenueLng":"","_VenueShowMap":false,"_VenueShowMapLink":false,"footnotes":""},"class_list":["post-608","page","type-page","status-publish","hentry"],"aioseo_notices":[],"_links":{"self":[{"href":"https:\/\/latelierdemalauzat.fr\/index.php\/wp-json\/wp\/v2\/pages\/608","targetHints":{"allow":["GET"]}}],"collection":[{"href":"https:\/\/latelierdemalauzat.fr\/index.php\/wp-json\/wp\/v2\/pages"}],"about":[{"href":"https:\/\/latelierdemalauzat.fr\/index.php\/wp-json\/wp\/v2\/types\/page"}],"author":[{"embeddable":true,"href":"https:\/\/latelierdemalauzat.fr\/index.php\/wp-json\/wp\/v2\/users\/2"}],"replies":[{"embeddable":true,"href":"https:\/\/latelierdemalauzat.fr\/index.php\/wp-json\/wp\/v2\/comments?post=608"}],"version-history":[{"count":5,"href":"https:\/\/latelierdemalauzat.fr\/index.php\/wp-json\/wp\/v2\/pages\/608\/revisions"}],"predecessor-version":[{"id":813,"href":"https:\/\/latelierdemalauzat.fr\/index.php\/wp-json\/wp\/v2\/pages\/608\/revisions\/813"}],"wp:attachment":[{"href":"https:\/\/latelierdemalauzat.fr\/index.php\/wp-json\/wp\/v2\/media?parent=608"}],"curies":[{"name":"wp","href":"https:\/\/api.w.org\/{rel}","templated":true}]}}