{"id":120,"date":"2024-01-09T18:02:12","date_gmt":"2024-01-09T17:02:12","guid":{"rendered":"https:\/\/latelierdemalauzat.fr\/?page_id=120"},"modified":"2024-02-05T16:08:02","modified_gmt":"2024-02-05T15:08:02","slug":"cours-theorique-de-mecanique-automobile","status":"publish","type":"page","link":"https:\/\/latelierdemalauzat.fr\/index.php\/cours-theorique-de-mecanique-automobile\/","title":{"rendered":"Cours th\u00e9orique de m\u00e9canique automobile"},"content":{"rendered":"<div class=\"wp-block-image\">\n<figure class=\"aligncenter size-full\"><img loading=\"lazy\" decoding=\"async\" width=\"226\" height=\"177\" src=\"https:\/\/latelierdemalauzat.fr\/wp-content\/uploads\/2024\/02\/voiture-1.jpg\" alt=\"\" class=\"wp-image-293\"\/><\/figure>\n<\/div>\n\n\n<p>Bienvenue dans l&rsquo;univers captivant de la m\u00e9canique automobile !<\/p>\n\n\n\n<p><strong>Formateur :<\/strong> Gael Hemet, formateur passionn\u00e9 et expert en \u00e9lectronique, fort d&rsquo;une exp\u00e9rience de 20 ans et de trois ann\u00e9es de pratique en ateliers en tant que formateur depuis 2019, vous emm\u00e8ne dans un voyage instructif au c\u0153ur du fonctionnement complexe des v\u00e9hicules.<\/p>\n\n\n\n<p><strong>Au programme :<\/strong> vous explorez les moteurs, les transmissions, le freinage et plongez dans les subtilit\u00e9s de l&rsquo;\u00e9lectronique embarqu\u00e9e. Nos cours se distinguent par des pr\u00e9sentations anim\u00e9es et des d\u00e9monstrations pratiques sur des maquettes perfectionn\u00e9es gr\u00e2ce \u00e0 l&rsquo;exp\u00e9rience concr\u00e8te acquise \u00e0 l&rsquo;<a href=\"https:\/\/apimatelier.org\/\" title=\"\">APIMA<\/a> par notre formateur.<\/p>\n\n\n\n<p><strong>Pour qui ?<\/strong> Que vous soyez d\u00e9butant curieux ou passionn\u00e9 avide de connaissances, nos cours s&rsquo;adaptent \u00e0 tous les niveaux.<\/p>\n\n\n\n<p><strong>Avantages :<\/strong> vous participez \u00e0 nos formations et b\u00e9n\u00e9ficiez de l&rsquo;expertise d&rsquo;un formateur chevronn\u00e9. Vous gagnez en autonomie pour l&rsquo;entretien et le diagnostic de votre v\u00e9hicule, en comprenant chaque \u00e9l\u00e9ment de mani\u00e8re approfondie.<\/p>\n\n\n\n<p><strong>Comment \u00e7a se passe :<\/strong>\u00a0les cours se d\u00e9roulent dans la structure demandeuse, que ce soit une association, centre de formation, une m\u00e9diath\u00e8que, un centre de loisirs . Nous pouvons apporter notre mat\u00e9riel ou utiliser le v\u00f4tre.<\/p>\n\n\n\n<p>Explorez, apprenez et prenez la route de la connaissance avec nos cours captivants !<\/p>\n\n\n\n<p><strong>Contact :<\/strong> pour recevoir un devis personnalis\u00e9 ou discuter de vos besoins sp\u00e9cifiques en formation en m\u00e9canique automobile, n&rsquo;h\u00e9sitez pas \u00e0 remplir <a href=\"https:\/\/latelierdemalauzat.fr\/index.php\/contact\/\" title=\"\">le formulaire<\/a> . Nous nous ferons un plaisir de vous r\u00e9pondre dans les plus brefs d\u00e9lais. Votre satisfaction et la r\u00e9ussite de votre projet automobile sont notre priorit\u00e9.<\/p>\n","protected":false},"excerpt":{"rendered":"<p>Bienvenue dans l&rsquo;univers captivant de la m\u00e9canique automobile ! Formateur : Gael Hemet, formateur passionn\u00e9 et expert en \u00e9lectronique, fort d&rsquo;une exp\u00e9rience de 20 ans et de trois ann\u00e9es de\u2026 <span class=\"read-more\"><a href=\"https:\/\/latelierdemalauzat.fr\/index.php\/cours-theorique-de-mecanique-automobile\/\">Read More &raquo;<\/a><\/span><\/p>\n","protected":false},"author":1,"featured_media":0,"parent":0,"menu_order":0,"comment_status":"closed","ping_status":"closed","template":"","meta":{"_monsterinsights_skip_tracking":false,"_monsterinsights_sitenote_active":false,"_monsterinsights_sitenote_note":"","_monsterinsights_sitenote_category":0,"_EventAllDay":false,"_EventTimezone":"","_EventStartDate":"","_EventEndDate":"","_EventStartDateUTC":"","_EventEndDateUTC":"","_EventShowMap":false,"_EventShowMapLink":false,"_EventURL":"","_EventCost":"","_EventCostDescription":"","_EventCurrencySymbol":"","_EventCurrencyCode":"","_EventCurrencyPosition":"","_EventDateTimeSeparator":"","_EventTimeRangeSeparator":"","_EventOrganizerID":[],"_EventVenueID":[],"_OrganizerEmail":"","_OrganizerPhone":"","_OrganizerWebsite":"","_VenueAddress":"","_VenueCity":"","_VenueCountry":"","_VenueProvince":"","_VenueState":"","_VenueZip":"","_VenuePhone":"","_VenueURL":"","_VenueStateProvince":"","_VenueLat":"","_VenueLng":"","_VenueShowMap":false,"_VenueShowMapLink":false,"footnotes":""},"class_list":["post-120","page","type-page","status-publish","hentry"],"aioseo_notices":[],"_links":{"self":[{"href":"https:\/\/latelierdemalauzat.fr\/index.php\/wp-json\/wp\/v2\/pages\/120","targetHints":{"allow":["GET"]}}],"collection":[{"href":"https:\/\/latelierdemalauzat.fr\/index.php\/wp-json\/wp\/v2\/pages"}],"about":[{"href":"https:\/\/latelierdemalauzat.fr\/index.php\/wp-json\/wp\/v2\/types\/page"}],"author":[{"embeddable":true,"href":"https:\/\/latelierdemalauzat.fr\/index.php\/wp-json\/wp\/v2\/users\/1"}],"replies":[{"embeddable":true,"href":"https:\/\/latelierdemalauzat.fr\/index.php\/wp-json\/wp\/v2\/comments?post=120"}],"version-history":[{"count":16,"href":"https:\/\/latelierdemalauzat.fr\/index.php\/wp-json\/wp\/v2\/pages\/120\/revisions"}],"predecessor-version":[{"id":466,"href":"https:\/\/latelierdemalauzat.fr\/index.php\/wp-json\/wp\/v2\/pages\/120\/revisions\/466"}],"wp:attachment":[{"href":"https:\/\/latelierdemalauzat.fr\/index.php\/wp-json\/wp\/v2\/media?parent=120"}],"curies":[{"name":"wp","href":"https:\/\/api.w.org\/{rel}","templated":true}]}}